{"id":736,"date":"2024-05-06T16:27:55","date_gmt":"2024-05-06T14:27:55","guid":{"rendered":"https:\/\/jumi-energie.fr\/?page_id=736"},"modified":"2024-05-06T18:01:03","modified_gmt":"2024-05-06T16:01:03","slug":"massage-sonore","status":"publish","type":"page","link":"https:\/\/jumi-energie.fr\/index.php\/massage-sonore\/","title":{"rendered":"Massage sonore"},"content":{"rendered":"\t\t<div data-elementor-type=\"wp-page\" data-elementor-id=\"736\" class=\"elementor elementor-736\">\n\t\t\t\t\t\t\t\t\t<section class=\"elementor-section elementor-top-section elementor-element elementor-element-2fd65fa elementor-section-boxed elementor-section-height-default elementor-section-height-default\" data-id=\"2fd65fa\" data-element_type=\"section\" data-settings=\"{&quot;background_background&quot;:&quot;gradient&quot;}\">\n\t\t\t\t\t\t\t<div class=\"elementor-background-overlay\"><\/div>\n\t\t\t\t\t\t\t<div class=\"elementor-container elementor-column-gap-default\">\n\t\t\t\t\t<div class=\"elementor-column elementor-col-100 elementor-top-column elementor-element elementor-element-be92f11\" data-id=\"be92f11\" data-element_type=\"column\">\n\t\t\t<div class=\"elementor-widget-wrap elementor-element-populated\">\n\t\t\t\t\t\t\t\t<section class=\"elementor-section elementor-inner-section elementor-element elementor-element-7629ab1 elementor-section-boxed elementor-section-height-default elementor-section-height-default\" data-id=\"7629ab1\" data-element_type=\"section\">\n\t\t\t\t\t\t<div class=\"elementor-container elementor-column-gap-default\">\n\t\t\t\t\t<div class=\"elementor-column elementor-col-50 elementor-inner-column elementor-element elementor-element-ac1cb13\" data-id=\"ac1cb13\" data-element_type=\"column\">\n\t\t\t<div class=\"elementor-widget-wrap elementor-element-populated\">\n\t\t\t\t\t\t\t\t<div class=\"elementor-element elementor-element-2cab167 elementor-widget elementor-widget-image\" data-id=\"2cab167\" data-element_type=\"widget\" data-widget_type=\"image.default\">\n\t\t\t\t<div class=\"elementor-widget-container\">\n\t\t\t<style>\/*! elementor - v3.10.1 - 17-01-2023 *\/\n.elementor-widget-image{text-align:center}.elementor-widget-image a{display:inline-block}.elementor-widget-image a img[src$=\".svg\"]{width:48px}.elementor-widget-image img{vertical-align:middle;display:inline-block}<\/style>\t\t\t\t\t\t\t\t\t\t\t\t<img loading=\"lazy\" decoding=\"async\" width=\"767\" height=\"431\" src=\"https:\/\/jumi-energie.fr\/wp-content\/uploads\/2024\/05\/IMG_E4583-1024x576.jpg\" class=\"attachment-large size-large wp-image-724\" alt=\"\" srcset=\"https:\/\/jumi-energie.fr\/wp-content\/uploads\/2024\/05\/IMG_E4583-1024x576.jpg 1024w, https:\/\/jumi-energie.fr\/wp-content\/uploads\/2024\/05\/IMG_E4583-300x169.jpg 300w, https:\/\/jumi-energie.fr\/wp-content\/uploads\/2024\/05\/IMG_E4583-768x432.jpg 768w, https:\/\/jumi-energie.fr\/wp-content\/uploads\/2024\/05\/IMG_E4583-1536x864.jpg 1536w, https:\/\/jumi-energie.fr\/wp-content\/uploads\/2024\/05\/IMG_E4583-2048x1152.jpg 2048w, https:\/\/jumi-energie.fr\/wp-content\/uploads\/2024\/05\/IMG_E4583-107x60.jpg 107w\" sizes=\"auto, (max-width: 767px) 100vw, 767px\" \/>\t\t\t\t\t\t\t\t\t\t\t\t\t\t\t<\/div>\n\t\t\t\t<\/div>\n\t\t\t\t<div class=\"elementor-element elementor-element-d0bb289 elementor-widget elementor-widget-image\" data-id=\"d0bb289\" data-element_type=\"widget\" data-widget_type=\"image.default\">\n\t\t\t\t<div class=\"elementor-widget-container\">\n\t\t\t\t\t\t\t\t\t\t\t\t\t\t\t<img loading=\"lazy\" decoding=\"async\" width=\"767\" height=\"431\" src=\"https:\/\/jumi-energie.fr\/wp-content\/uploads\/2024\/05\/IMG_E4602-1024x576.jpg\" class=\"attachment-large size-large wp-image-708\" alt=\"\" srcset=\"https:\/\/jumi-energie.fr\/wp-content\/uploads\/2024\/05\/IMG_E4602-1024x576.jpg 1024w, https:\/\/jumi-energie.fr\/wp-content\/uploads\/2024\/05\/IMG_E4602-300x169.jpg 300w, https:\/\/jumi-energie.fr\/wp-content\/uploads\/2024\/05\/IMG_E4602-768x432.jpg 768w, https:\/\/jumi-energie.fr\/wp-content\/uploads\/2024\/05\/IMG_E4602-1536x864.jpg 1536w, https:\/\/jumi-energie.fr\/wp-content\/uploads\/2024\/05\/IMG_E4602-2048x1152.jpg 2048w, https:\/\/jumi-energie.fr\/wp-content\/uploads\/2024\/05\/IMG_E4602-107x60.jpg 107w\" sizes=\"auto, (max-width: 767px) 100vw, 767px\" \/>\t\t\t\t\t\t\t\t\t\t\t\t\t\t\t<\/div>\n\t\t\t\t<\/div>\n\t\t\t\t\t<\/div>\n\t\t<\/div>\n\t\t\t\t<div class=\"elementor-column elementor-col-50 elementor-inner-column elementor-element elementor-element-36e612e\" data-id=\"36e612e\" data-element_type=\"column\">\n\t\t\t<div class=\"elementor-widget-wrap elementor-element-populated\">\n\t\t\t\t\t\t\t\t<div class=\"elementor-element elementor-element-cffd7cb elementor-widget elementor-widget-text-editor\" data-id=\"cffd7cb\" data-element_type=\"widget\" data-widget_type=\"text-editor.default\">\n\t\t\t\t<div class=\"elementor-widget-container\">\n\t\t\t<style>\/*! elementor - v3.10.1 - 17-01-2023 *\/\n.elementor-widget-text-editor.elementor-drop-cap-view-stacked .elementor-drop-cap{background-color:#818a91;color:#fff}.elementor-widget-text-editor.elementor-drop-cap-view-framed .elementor-drop-cap{color:#818a91;border:3px solid;background-color:transparent}.elementor-widget-text-editor:not(.elementor-drop-cap-view-default) .elementor-drop-cap{margin-top:8px}.elementor-widget-text-editor:not(.elementor-drop-cap-view-default) .elementor-drop-cap-letter{width:1em;height:1em}.elementor-widget-text-editor .elementor-drop-cap{float:left;text-align:center;line-height:1;font-size:50px}.elementor-widget-text-editor .elementor-drop-cap-letter{display:inline-block}<\/style>\t\t\t\t<p style=\"text-align: center;\"><span style=\"text-decoration: underline;\">Qu&rsquo;est ce qu&rsquo;un massage sonore aux bols chantants?<\/span><\/p><p>C&rsquo;est une technique de massage par vibration et par le son.<\/p><p>La r\u00e9sonnance \u00e9mise par le bol favorise le l\u00e2cher prise du corps et de l&rsquo;esprit et entraine une profonde d\u00e9tente.<\/p><p>Pour imager, on peut dire que cela fait comme une pierre jet\u00e9e dans une \u00e9tendue d&rsquo;eau, une onde de petites vagues qui se diffuse dans le corps au rythme des sons.<\/p><p>C&rsquo;est un voyage en soi enveloppant et apaisant, id\u00e9al pour :<\/p><p>&#8211; la relaxation, la lib\u00e9ration du stress, la qualit\u00e9 du sommeil<\/p><p>&#8211; relancer le circuit \u00e9nerg\u00e9tique, le stimuler et le r\u00e9g\u00e9n\u00e9rer<\/p><p>&#8211; apaiser des tensions physiques, les douleurs musculaires<\/p><p>C&rsquo;est pourquoi un massage sonore peut \u00eatre une belle compl\u00e9mentarit\u00e9 aux s\u00e9ances de Reiki.<\/p>\t\t\t\t\t\t<\/div>\n\t\t\t\t<\/div>\n\t\t\t\t\t<\/div>\n\t\t<\/div>\n\t\t\t\t\t\t\t<\/div>\n\t\t<\/section>\n\t\t\t\t\t<\/div>\n\t\t<\/div>\n\t\t\t\t\t\t\t<\/div>\n\t\t<\/section>\n\t\t\t\t<section class=\"elementor-section elementor-top-section elementor-element elementor-element-a29ba40 elementor-section-boxed elementor-section-height-default elementor-section-height-default\" data-id=\"a29ba40\" data-element_type=\"section\">\n\t\t\t\t\t\t<div class=\"elementor-container elementor-column-gap-default\">\n\t\t\t\t\t<div class=\"elementor-column elementor-col-100 elementor-top-column elementor-element elementor-element-c56952e\" data-id=\"c56952e\" data-element_type=\"column\">\n\t\t\t<div class=\"elementor-widget-wrap elementor-element-populated\">\n\t\t\t\t\t\t\t\t<div class=\"elementor-element elementor-element-285f09c elementor-widget elementor-widget-spacer\" data-id=\"285f09c\" data-element_type=\"widget\" data-widget_type=\"spacer.default\">\n\t\t\t\t<div class=\"elementor-widget-container\">\n\t\t\t<style>\/*! elementor - v3.10.1 - 17-01-2023 *\/\n.elementor-column .elementor-spacer-inner{height:var(--spacer-size)}.e-con{--container-widget-width:100%}.e-con-inner>.elementor-widget-spacer,.e-con>.elementor-widget-spacer{width:var(--container-widget-width,var(--spacer-size));--align-self:var(--container-widget-align-self,initial);--flex-shrink:0}.e-con-inner>.elementor-widget-spacer>.elementor-widget-container,.e-con-inner>.elementor-widget-spacer>.elementor-widget-container>.elementor-spacer,.e-con>.elementor-widget-spacer>.elementor-widget-container,.e-con>.elementor-widget-spacer>.elementor-widget-container>.elementor-spacer{height:100%}.e-con-inner>.elementor-widget-spacer>.elementor-widget-container>.elementor-spacer>.elementor-spacer-inner,.e-con>.elementor-widget-spacer>.elementor-widget-container>.elementor-spacer>.elementor-spacer-inner{height:var(--container-widget-height,var(--spacer-size))}<\/style>\t\t<div class=\"elementor-spacer\">\n\t\t\t<div class=\"elementor-spacer-inner\"><\/div>\n\t\t<\/div>\n\t\t\t\t<\/div>\n\t\t\t\t<\/div>\n\t\t\t\t\t<\/div>\n\t\t<\/div>\n\t\t\t\t\t\t\t<\/div>\n\t\t<\/section>\n\t\t\t\t<section class=\"elementor-section elementor-top-section elementor-element elementor-element-75769a7 elementor-section-boxed elementor-section-height-default elementor-section-height-default\" data-id=\"75769a7\" data-element_type=\"section\" data-settings=\"{&quot;background_background&quot;:&quot;gradient&quot;}\">\n\t\t\t\t\t\t<div class=\"elementor-container elementor-column-gap-default\">\n\t\t\t\t\t<div class=\"elementor-column elementor-col-50 elementor-top-column elementor-element elementor-element-f48a6d6\" data-id=\"f48a6d6\" data-element_type=\"column\">\n\t\t\t<div class=\"elementor-widget-wrap elementor-element-populated\">\n\t\t\t\t\t\t\t\t<div class=\"elementor-element elementor-element-4c105c5 elementor-widget elementor-widget-text-editor\" data-id=\"4c105c5\" data-element_type=\"widget\" data-widget_type=\"text-editor.default\">\n\t\t\t\t<div class=\"elementor-widget-container\">\n\t\t\t\t\t\t\t<p style=\"text-align: center;\"><span style=\"text-decoration: underline;\">Comment \u00e7a se passe\u00a0?<\/span><\/p><p>Comme pour une s\u00e9ance Reiki, apr\u00e8s un entretien, vous serez allong\u00e9 en restant habill\u00e9 et les bols seront d\u00e9pos\u00e9s sur vous ou autour de vous. Ils vont \u00eatre amen\u00e9s \u00e0 r\u00e9sonner ou bien \u00e0 chanter.<\/p><p>En fonction des besoins, le son et la vibration iront apaiser vos tensions et soulager vos blocages.<\/p><p>Apr\u00e8s une s\u00e9ance, il faut bien boire et se reposer. Il est donc conseill\u00e9 de faire une s\u00e9ance lors d\u2019une journ\u00e9e calme, ou le soir, sans avoir \u00e0 repartir trop activement dans son quotidien.<\/p><p>Ce massage n\u2019est pas adapt\u00e9 aux personnes qui ont un pace maker, des tiges ou plaques en m\u00e9tal au niveau de la colonne vert\u00e9brale, les femmes enceintes, les \u00e9pileptiques, les personnes avec des pathologies psychiatriques.<\/p><p>Tout probl\u00e8me de sant\u00e9 n\u2019est pas anodin et n\u00e9cessite une prise en charge m\u00e9dicale en premi\u00e8re intention.<\/p><p>En cas de doute, vous pouvez me demander et j\u2019adapte la s\u00e9ance si possible.<\/p>\t\t\t\t\t\t<\/div>\n\t\t\t\t<\/div>\n\t\t\t\t\t<\/div>\n\t\t<\/div>\n\t\t\t\t<div class=\"elementor-column elementor-col-50 elementor-top-column elementor-element elementor-element-d77266c\" data-id=\"d77266c\" data-element_type=\"column\">\n\t\t\t<div class=\"elementor-widget-wrap elementor-element-populated\">\n\t\t\t\t\t\t\t\t<div class=\"elementor-element elementor-element-9830cb1 elementor-widget elementor-widget-image\" data-id=\"9830cb1\" data-element_type=\"widget\" data-widget_type=\"image.default\">\n\t\t\t\t<div class=\"elementor-widget-container\">\n\t\t\t\t\t\t\t\t\t\t\t\t\t\t\t<img loading=\"lazy\" decoding=\"async\" width=\"767\" height=\"518\" src=\"https:\/\/jumi-energie.fr\/wp-content\/uploads\/2024\/05\/IMG_E4586-1024x691.jpg\" class=\"attachment-large size-large wp-image-727\" alt=\"\" srcset=\"https:\/\/jumi-energie.fr\/wp-content\/uploads\/2024\/05\/IMG_E4586-1024x691.jpg 1024w, https:\/\/jumi-energie.fr\/wp-content\/uploads\/2024\/05\/IMG_E4586-300x202.jpg 300w, https:\/\/jumi-energie.fr\/wp-content\/uploads\/2024\/05\/IMG_E4586-768x518.jpg 768w, https:\/\/jumi-energie.fr\/wp-content\/uploads\/2024\/05\/IMG_E4586-1536x1037.jpg 1536w, https:\/\/jumi-energie.fr\/wp-content\/uploads\/2024\/05\/IMG_E4586-2048x1382.jpg 2048w, https:\/\/jumi-energie.fr\/wp-content\/uploads\/2024\/05\/IMG_E4586-89x60.jpg 89w, https:\/\/jumi-energie.fr\/wp-content\/uploads\/2024\/05\/IMG_E4586-480x324.jpg 480w\" sizes=\"auto, (max-width: 767px) 100vw, 767px\" \/>\t\t\t\t\t\t\t\t\t\t\t\t\t\t\t<\/div>\n\t\t\t\t<\/div>\n\t\t\t\t<div class=\"elementor-element elementor-element-9eb9aca elementor-widget elementor-widget-image\" data-id=\"9eb9aca\" data-element_type=\"widget\" data-widget_type=\"image.default\">\n\t\t\t\t<div class=\"elementor-widget-container\">\n\t\t\t\t\t\t\t\t\t\t\t\t\t\t\t<img loading=\"lazy\" decoding=\"async\" width=\"767\" height=\"431\" src=\"https:\/\/jumi-energie.fr\/wp-content\/uploads\/2024\/05\/IMG_E4581-1024x576.jpg\" class=\"attachment-large size-large wp-image-722\" alt=\"\" srcset=\"https:\/\/jumi-energie.fr\/wp-content\/uploads\/2024\/05\/IMG_E4581-1024x576.jpg 1024w, https:\/\/jumi-energie.fr\/wp-content\/uploads\/2024\/05\/IMG_E4581-300x169.jpg 300w, https:\/\/jumi-energie.fr\/wp-content\/uploads\/2024\/05\/IMG_E4581-768x432.jpg 768w, https:\/\/jumi-energie.fr\/wp-content\/uploads\/2024\/05\/IMG_E4581-1536x864.jpg 1536w, https:\/\/jumi-energie.fr\/wp-content\/uploads\/2024\/05\/IMG_E4581-2048x1152.jpg 2048w, https:\/\/jumi-energie.fr\/wp-content\/uploads\/2024\/05\/IMG_E4581-107x60.jpg 107w\" sizes=\"auto, (max-width: 767px) 100vw, 767px\" \/>\t\t\t\t\t\t\t\t\t\t\t\t\t\t\t<\/div>\n\t\t\t\t<\/div>\n\t\t\t\t\t<\/div>\n\t\t<\/div>\n\t\t\t\t\t\t\t<\/div>\n\t\t<\/section>\n\t\t\t\t<section class=\"elementor-section elementor-top-section elementor-element elementor-element-63f3c7b elementor-section-boxed elementor-section-height-default elementor-section-height-default\" data-id=\"63f3c7b\" data-element_type=\"section\">\n\t\t\t\t\t\t<div class=\"elementor-container elementor-column-gap-default\">\n\t\t\t\t\t<div class=\"elementor-column elementor-col-100 elementor-top-column elementor-element elementor-element-a40ce19\" data-id=\"a40ce19\" data-element_type=\"column\">\n\t\t\t<div class=\"elementor-widget-wrap elementor-element-populated\">\n\t\t\t\t\t\t\t\t<div class=\"elementor-element elementor-element-39761a1 elementor-widget elementor-widget-spacer\" data-id=\"39761a1\" data-element_type=\"widget\" data-widget_type=\"spacer.default\">\n\t\t\t\t<div class=\"elementor-widget-container\">\n\t\t\t\t\t<div class=\"elementor-spacer\">\n\t\t\t<div class=\"elementor-spacer-inner\"><\/div>\n\t\t<\/div>\n\t\t\t\t<\/div>\n\t\t\t\t<\/div>\n\t\t\t\t\t<\/div>\n\t\t<\/div>\n\t\t\t\t\t\t\t<\/div>\n\t\t<\/section>\n\t\t\t\t\t\t\t<\/div>\n\t\t","protected":false},"excerpt":{"rendered":"<p>Qu&rsquo;est ce qu&rsquo;un massage sonore aux bols chantants? C&rsquo;est une technique de massage par vibration et par le son. La r\u00e9sonnance \u00e9mise par le bol favorise le l\u00e2cher prise du &hellip; <\/p>\n","protected":false},"author":1,"featured_media":0,"parent":0,"menu_order":0,"comment_status":"closed","ping_status":"closed","template":"","meta":{"footnotes":""},"class_list":["post-736","page","type-page","status-publish","hentry"],"_links":{"self":[{"href":"https:\/\/jumi-energie.fr\/index.php\/wp-json\/wp\/v2\/pages\/736","targetHints":{"allow":["GET"]}}],"collection":[{"href":"https:\/\/jumi-energie.fr\/index.php\/wp-json\/wp\/v2\/pages"}],"about":[{"href":"https:\/\/jumi-energie.fr\/index.php\/wp-json\/wp\/v2\/types\/page"}],"author":[{"embeddable":true,"href":"https:\/\/jumi-energie.fr\/index.php\/wp-json\/wp\/v2\/users\/1"}],"replies":[{"embeddable":true,"href":"https:\/\/jumi-energie.fr\/index.php\/wp-json\/wp\/v2\/comments?post=736"}],"version-history":[{"count":55,"href":"https:\/\/jumi-energie.fr\/index.php\/wp-json\/wp\/v2\/pages\/736\/revisions"}],"predecessor-version":[{"id":827,"href":"https:\/\/jumi-energie.fr\/index.php\/wp-json\/wp\/v2\/pages\/736\/revisions\/827"}],"wp:attachment":[{"href":"https:\/\/jumi-energie.fr\/index.php\/wp-json\/wp\/v2\/media?parent=736"}],"curies":[{"name":"wp","href":"https:\/\/api.w.org\/{rel}","templated":true}]}}